f 5125?
5
What is the units digit of 2981?
1
What is the tens digit of 1428?
2
What is the hundreds digit of 18287?
2
What is the hundreds digit of 4192?
1
What is the tens digit of 10471?
7
What is the tens digit of 36353?
5
What is the tens digit of 329?
2
What is the hundreds digit of 4615?
6
What is the thousands digit of 1571?
1
What is the thousands digit of 2823?
2
What is the ten thousands digit of 44200?
4
What is the units digit of 2115?
5
What is the hundred thousands digit of 134991?
1
What is the units digit of 13356?
6
What is the hundreds digit of 410?
4
What is the units digit of 1278?
8
What is the thousands digit of 6436?
6
What is the tens digit of 912?
1
What is the tens digit of 827?
2
What is the units digit of 13951?
1
What is the tens digit of 57993?
9
What is the hundreds digit of 45314?
3
What is the thousands digit of 4207?
4
What is the thousands digit of 1569?
1
What is the hundreds digit of 1657?
6
What is the tens digit of 448?
4
What is the hundreds digit of 749?
7
What is the units digit of 2020?
0
What is the hundreds digit of 90468?
4
What is the hundreds digit of 30287?
2
What is the hundreds digit of 595?
5
What is the tens digit of 80769?
6
What is the hundreds digit of 921?
9
What is the hundreds digit of 22013?
0
What is the units digit of 1663?
3
What is the tens digit of 856?
5
What is the units digit of 377?
7
What is the thousands digit of 27722?
7
What is the thousands digit of 13076?
3
What is the thousands digit of 74748?
4
What is the units digit of 26824?
4
What is the units digit of 677?
7
What is the tens digit of 3795?
9
What is the hundreds digit of 2157?
1
What is the thousands digit of 66585?
6
What is the tens digit of 2018?
1
What is the tens digit of 53718?
1
What is the tens digit of 4909?
0
What is the tens digit of 72081?
8
What is the units digit of 3514?
4
What is the thousands digit of 19218?
9
What is the units digit of 2095?
5
What is the tens digit of 22683?
8
What is the hundreds digit of 871?
8
What is the tens digit of 59991?
9
What is the tens digit of 6983?
8
What is the thousands digit of 3636?
3
What is the hundreds digit of 62499?
4
What is the ten thousands digit of 107518?
0
What is the ten thousands digit of 10157?
1
What is the units digit of 87?
7
What is the tens digit of 1233?
3
What is the units digit of 1243?
3
What is the thousands digit of 1051?
1
What is the tens digit of 34782?
8
What is the thousands digit of 1278?
1
What is the tens digit of 556?
5
What is the units digit of 3231?
1
What is the thousands digit of 3939?
3
What is the units digit of 4274?
4
What is the thousands digit of 3239?
3
What is the tens digit of 843?
4
What is the hundreds digit of 443?
4
What is the units digit of 11137?
7
What is the hundreds digit of 1141?
1
What is the ten thousands digit of 20681?
2
What is the units digit of 372?
2
What is the hundreds digit of 430?
4
What is the units digit of 94672?
2
What is the tens digit of 4436?
3
What is the ten thousands digit of 84165?
8
What is the hundreds digit of 379?
3
What is the tens digit of 3776?
7
What is the units digit of 23943?
3
What is the ten thousands digit of 24898?
2
What is the hundreds digit of 9535?
5
What is the ten thousands digit of 40700?
4
What is the ten thousands digit of 62380?
6
What is the tens digit of 3750?
5
What is the units digit of 929?
9
What is the units digit of 5574?
4
What is the thousands digit of 72790?
2
What is the ten thousands digit of 12068?
1
What is the hundreds digit of 1819?
8
What is the tens digit of 93804?
0
What is the units digit of 41919?
9
What is the units digit of 60736?
6
What is the units digit of 1826?
6
What is the hundreds digit of 7102?
1
What is the hundreds digit of 3301?
3
What is the tens digit of 406?
0
What is the units digit of 1126?
6
What is the thousands digit of 9814?
9
What is the thousands digit of 5761?
5
What is the ten thousands digit of 38763?
3
What is the thousands digit of 1144?
1
What is the tens digit of 36094?
9
What is the hundreds digit of 88487?
4
What is the thousands digit of 20853?
0
What is the units digit of 43983?
3
What is the hundreds digit of 1959?
9
What is the tens digit of 1658?
5
What is the thousands digit of 2126?
2
What is the hundreds digit of 72089?
0
What is the units digit of 1912?
2
What is the units digit of 8042?
2
What is the tens digit of 831?
3
What is the units digit of 3161?
1
What is the units digit of 1760?
0
What is the thousands digit of 25592?
5
What is the tens digit of 2746?
4
What is the units digit of 2131?
1
What is the ten thousands digit of 43652?
4
What is the thousands digit of 16686?
6
What is the thousands digit of 4142?
4
What is the thousands digit of 14280?
4
What is the thousands digit of 59505?
9
What is the thousands digit of 69808?
9
What is the ten thousands digit of 47689?
4
What is the tens digit of 6219?
1
What is the thousands digit of 1069?
1
What is the hundreds digit of 2136?
1
What is the hundreds digit of 10117?
1
What is the ten thousands digit of 11683?
1
What is the tens digit of 6889?
8
What is the thousands digit of 55776?
5
What is the ten thousands digit of 43950?
4
What is the hundreds digit of 51891?
8
What is the ten thousands digit of 51779?
5
What is the units digit of 20671?
1
What is the tens digit of 57634?
3
What is the hundreds digit of 1460?
4
What is the tens digit of 39811?
1
What is the tens digit of 344?
4
What is the units digit of 375?
5
What is the hundreds digit of 40119?
1
What is the hundreds digit of 3283?
2
What is the hundreds digit of 6486?
4
What is the thousands digit of 2689?
2
What is the tens digit of 1786?
8
What is the hundreds digit of 119061?
0
What is the thousands digit of 5651?
5
What is the thousands digit of 1637?
1
What is the ten thousands digit of 20908?
2
What is the ten thousands digit of 13254?
1
What is the ten thousands digit of 125690?
2
What is the units digit of 88?
8
What is the hundreds digit of 154246?
2
What is the tens digit of 16627?
2
What is the ten thousands digit of 55588?
5
What is the ten thousands digit of 13780?
1
What is the thousands digit of 32560?
2
What is the thousands digit of 168229?
8
What is the units digit of 24762?
2
What is the thousands digit of 1503?
1
What is the units digit of 263?
3
What is the units digit of 413?
3
What is the hundreds digit of 1181?
1
What is the thousands digit of 6029?
6
What is the hundreds digit of 2321?
3
What is the hundreds digit of 212?
2
What is the hundreds digit of 3907?
9
What is the hundreds digit of 681?
6
What is the tens digit of 3617?
1
What is the tens digit of 60?
6
What is the hundreds digit of 2141?
1
What is the thousands digit of 5604?
5
What is the tens digit of 162?
6
What is the tens digit of 87008?
0
What is the units digit of 26475?
5
What is the units digit of 1665?
5
What is the hundreds digit of 105052?
0
What is the units digit of 154?
4
What is the hundreds digit of 892?
8
What is the units digit of 14206?
6
What is the hundreds digit of 7741?
7
What is the ten thousands digit of 124855?
2
What is the units digit of 1196?
6
What is the hundreds digit of 1055?
0
What is the hundreds digit of 9726?
7
What is the units digit of 21145?
5
What is the hundreds digit of 88615?
6
What is the tens digit of 315?
1
What is the units digit of 154721?
1
What is the units digit of 13746?
6
What is the tens digit of 1330?
3
What is the tens digit of 2644?
4
What is the ten thousands digit of 15642?
1
What is the ten thousands digit of 29632?
2
What is the hundreds digit of 31079?
0
What is the tens digit of 1342?
4
What is the tens digit of 2935?
3
What is the thousands digit of 9230?
9
What is the ten thousands digit of 17212?
1
What is the units digit of 684?
4
What is the tens digit of 30650?
5
What is the tens digit of 13882?
8
What is the units digit of 2396?
6
What is the hundreds digit of 48823?
8
What is the tens digit of 2717?
1
What is the tens digit of 1372?
7
What is the tens digit of 384?
8
What is the hundreds digit of 801?
8
What is the thousands digit of 7016?
7
What is the ten thousands digit of 10237?
1
What is the ten thousands digit of 19976?
1
What is the ten thousands digit of 16268?
1
What is the thousands digit of 11743?
1
What 